ne y(-4).
-500
Let k(o) = 3*o**2 - 161*o + 2336. Determine k(17).
466
Let d(k) = 3*k**3 - 12*k**2 - 519*k - 287. Determine d(-11).
-23
Let s(v) = 2*v**2 - 3010*v - 42213. Determine s(-14).
319
Let t(y) = -87*y**2 - 58*y - 28. Determine t(7).
-4697
Let s(f) = -12*f**3 - 3274*f**2 + 545*f - 276. What is s(-273)?
-3
Let j(b) = 3*b**3 - 315*b**2 + 2593*b + 69. Give j(96).
165
Let h(u) = -52*u**2 + 71*u + 80. What is h(2)?
14
Let u(f) = 139*f - 822. Calculate u(8).
290
Let k(z) = -13*z**2 - 236*z - 953. Calculate k(-7).
62
Let f(u) = u**3 - 99*u**2 + 2343*u + 1009. What is f(59)?
6
Let w(h) = -2*h**3 - 116*h**2 - 105*h + 637. Give w(-57).
124
Let h(k) = 9*k**2 + 236*k + 579. Give h(-23).
-88
Let s(f) = f**3 - 76*f**2 + 444*f - 10709. What is s(72)?
523
Let l(c) = -c**3 + 66*c**2 - 200*c - 537. What is l(5)?
-12
Let q(y) = y**3 - 105*y**2 + 270*y + 1385. What is q(102)?
-2287
Let w(g) = -2*g**3 + 139*g**2 - 563*g + 145. Calculate w(4).
-11
Let n(l) = -l**2 + 19700*l + 7507671. Determine n(-374).
-5
Let d(c) = -4*c**3 - 726*c**2 - 293*c + 12523. Calculate d(-181).
34
Let i(r) = -6465*r + 258631. What is i(40)?
31
Let q(a) = -a**3 + 92*a**2 - 199*a - 6208. Calculate q(89).
-156
Let m(d) = 48*d**2 - 790*d - 353. Determine m(17).
89
Let i(g) = 6*g**2 + 12372*g - 174406. Determine i(14).
-22
Let j(c) = -2*c**3 - 97*c**2 - 113*c + 90. What is j(-48)?
3210
Let h(n) = -n**3 + 74*n**2 + 676*n - 1643. Give h(82).
-3
Let n(f) = -4482*f + 156223. Determine n(35).
-647
Let n(m) = 5*m**2 - 361*m + 772. Calculate n(70).
2
Let o(x) = 224*x - 2195. Determine o(13).
717
Let v(p) = -12*p**2 - 6170*p + 17. What is v(0)?
17
Let m(o) = 28120*o + 1209173. Give m(-43).
13
Let h(p) = 417*p + 12884. What is h(-31)?
-43
Let m(b) = b**3 - 438*b**2 + 234*b + 88774. Determine m(437).
63
Let p(i) = 16*i**2 + 1334*i - 4065. Determine p(3).
81
Let v(o) = 8277*o + 587663. Determine v(-71).
-4
Let x(i) = i**2 + 11839*i - 725915. Give x(61).
-15
Let h(m) = 5*m**2 - 383*m + 2322. What is h(70)?
12
Let t(g) = g**2 + 19540*g - 215079. What is t(11)?
-18
Let n(c) = -716*c + 83005. Calculate n(116).
-51
Let d(n) = 11*n**2 + 783*n - 64419. Give d(-120).
21
Let y(q) = 1378*q**3 - 76*q**2 + 78*q - 3. Give y(1).
1377
Let x(f) = f**3 - 67*f**2 - 167*f - 3000. Give x(70).
10
Let q(x) = 645*x - 302941. What is q(470)?
209
Let g(p) = -312491*p - 4374899. Give g(-14).
-25
Let q(c) = -2*c**3 + 36*c**2 - 123*c - 116. Determine q(10).
254
Let m(i) = 48*i**3 - 93*i**2 - 2*i - 3. What is m(2)?
5
Let k(x) = x**2 - 27*x - 10289. Calculate k(116).
35
Let g(y) = -464*y**2 - 1891*y - 138. Determine g(-4).
2
Let y(i) = -16658*i**2 - 33314*i - 1. Give y(-2).
-5
Let q(m) = 56*m**2 + 714*m - 1431. Calculate q(2).
221
Let a(p) = 12259*p + 1483332. Determine a(-121).
-7
Let r(m) = m**2 - 40*m - 7116. Calculate r(105).
-291
Let p(k) = -129*k**2 - 11*k + 269. What is p(-2)?
-225
Let i(g) = 910509*g - 6373584. Give i(7).
-21
Let k(v) = -15*v**2 + 13*v + 4. Determine k(-8).
-1060
Let t(q) = 79*q - 3614. Determine t(42).
-296
Let v(k) = 2*k**2 + 28*k - 767. Determine v(0).
-767
Let v(y) = -406*y**2 - 33698*y + 15. Give v(-83).
15
Let l(g) = -4*g**3 - 4593*g**2 - 5699*g + 41287. Give l(-1147).
-5
Let g(m) = -m**3 - 502*m**2 + 2537*m + 1021. Determine g(-507).
7
Let u(f) = 3*f**3 - 4*f**2 + 3195*f - 6392. Determine u(2).
6
Let g(i) = -733*i + 13435. Calculate g(18).
241
Let h(t) = -t**3 + 25*t**2 - 333*t + 8223. Give h(25).
-102
Let y(t) = -t**3 + 612*t**2 + 35242*t + 2149. Calculate y(665).
154
Let v(x) = -2*x**3 - 61*x**2 - 222*x + 344. Give v(-26).
32
Let w(o) = -12367*o - 14753834. What is w(-1193)?
-3
Let g(o) = 5396*o - 275201. What is g(51)?
-5
Let q(s) = -647*s**2 - 6463*s - 63. What is q(-10)?
-133
Let r(p) = -3*p**2 + 117*p - 903. Determine r(10).
-33
Let w(t) = -205*t**2 - 1692*t - 50. Determine w(-7).
1749
Let a(v) = 12*v**2 - 77*v + 117. What is a(3)?
-6
Let o(y) = y**2 - 14*y + 150. What is o(8)?
102
Let u(d) = 185473*d - 10015585. What is u(54)?
-43
Let h(o) = -2*o**2 + 273*o + 10192. What is h(167)?
5
Let h(x) = 5090*x - 193784. Determine h(38).
-364
Let n(b) = -21*b**2 - 18964*b + 210239. What is n(-914)?
19
Let f(k) = -1142*k**2 - 25108*k + 453. Calculate f(-22).
101
Let l(v) = 11*v**2 - 857*v - 6750. Give l(-8).
810
Let w(a) = 6*a**3 + 1398*a**2 - 678*a - 157968. Determine w(-233).
6
Let q(l) = 12*l**3 + 695*l**2 + 601*l + 38215. What is q(-58)?
-7
Let u(l) = 8*l**2 + 1009*l - 355. What is u(-126)?
-481
Let x(w) = 26*w**3 + 11702*w**2 + 899*w - 525. Give x(-450).
-75
Let i(p) = -8*p**3 + 59*p**2 - 88*p + 126. Determine i(6).
-6
Let j(a) = 142895*a + 1000260. What is j(-7)?
-5
Let i(q) = q**2 - 21*q - 1123. Calculate i(-29).
327
Let n(g) = 10*g**2 - 940*g - 7466. Give n(-8).
694
Let y(d) = 134*d**2 - 28814*d + 447. What is y(215)?
-413
Let b(z) = -24621*z + 1354247. Determine b(55).
92
Let b(r) = 687*r - 87901. Calculate b(128).
35
Let z(y) = -y**3 + 102*y**2 + 1886*y - 39. Determine z(-16).
-7
Let j(a) = 111980*a + 1455707. What is j(-13)?
-33
Let u(d) = 57*d**2 - 19945*d - 1840. Give u(350).
-90
Let f(s) = s**3 - 40*s**2 - 163*s - 586. Determine f(44).
-14
Let l(t) = -t**2 - 54*t + 7860. Determine l(-119).
125
Let u(m) = -4*m**3 + 359*m**2 + 63*m + 2408. Give u(90).
-22
Let d(x) = -x**3 - x**2 + 851759*x + 2. Determine d(0).
2
Let v(f) = -59*f**2 - 4962*f - 496. Determine v(-84).
8
Let d(t) = -31497*t + 535457. Calculate d(17).
8
Let o(c) = 46*c**2 - 787*c - 2981. Give o(20).
-321
Let j(t) = -55*t**2 - 919*t - 1847. What is j(-2)?
-229
Let v(b) = -b**3 + 26345*b**2 - 52679*b. What is v(2)?
14
Let g(v) = -v**2 - 841*v + 5953. Calculate g(7).
17
Let f(g) = -2*g**3 - 143*g**2 - 817*g + 1646. Determine f(-8).
54
Let m(l) = 1417*l**2 + 5664*l - 17. Calculate m(-4).
-1
Let f(x) = 4*x**2 + 103*x + 956. Give f(-21).
557
Let z(r) = -2*r**2 + 171762*r + 343537. Give z(-2).
5
Let k(s) = -9*s**3 + 595*s**2 - 54*s + 142. Give k(66).
934
Let c(s) = -s**3 + 121*s**2 + 2907*s + 11397. Calculate c(-5).
12
Let l(b) = 47368*b - 4357854. Calculate l(92).
2
Let q(k) = 29872*k - 2539162. What is q(85)?
-42
Let j(r) = 6*r**2 - 50*r - 234. What is j(-10)?
866
Let z(t) = -2*t**2 - 517*t + 6128395. Give z(1626).
1
Let f(w) = 1241*w + 291648. What is f(-235)?
13
Let b(g) = 6*g**3 + 444*g**2 + 4*g + 396. What is b(-74)?
100
Let r(u) = u**2 - 746*u - 32295. Determine r(-41).
-28
Let q(x) = -35*x**2 - 280*x + 11. What is q(0)?
11
Let p(u) = -u**3 - 374*u**2 + 404*u + 10830. Calculate p(-375).
-45
Let y(b) = -b**3 + 6*b**2 - 1774*b + 8835. What is y(5)?
-10
Let n(w) = 4686*w - 121870. What is n(26)?
-34
Let r(i) = 6*i**3 + 41*i**2 + 44*i + 196. Determine r(-7).
-161
Let g(i) = -i**3 - 102*i**2 - 2506*i + 4324. Give g(-51).
-521
Let v(w) = 230*w - 15657. Determine v(68).
-17
Let n(p) = 1235*p - 2633. Determine n(2).
-163
Let p(x) = 7224*x - 281732. Determine p(39).
4
Let o(i) = i**2 - 187*i + 6385. Calculate o(44).
93
Let h(y) = 810*y**2 + 347*y + 348. Give h(-1).
811
Let r(t) = -84*t**2 + 735*t - 1615. Determine r(5).
-40
Let a(x) = -2*x**3 - 12*x**2 + 25*x + 135. Determine a(-6).
-15
Let c(w) = -10*w**2 + 1420*w + 39. Calculate c(142).
39
Let a(k) = k**3 + 96*k**2 - 391*k - 46. Determine a(4).
-10
Let l(j) = -121*j**2 - 735*j + 128. Calculate l(-6).
182
Let o(s) = 8*s**2 - 60*s + 313. Give o(9).
421
Let c(h) = -46345*h - 1900143. Determine c(-41).
2
Let r(n) = -1309*n + 13284. What is r(10)?
194
Let l(w) = -w**3 - 5*w**2 + 99*w + 1732. Determine l(-14).
2110
Let t(n) = -n**3 - 2*n**2 + 23*n - 130. What is t(-10)?
440
Let v(k) = -2781*k + 86614. Determine v(31).
403
Let f(n) = -44768*n - 582540. Determine f(-13).
-556
Let g(n) = n**3 - 100*n**2 + 459*n + 1590. Give g(95).
70
Let m(g) = 5*g**3 - 69*g**2 + 603*g + 3838. Calculate m(-4).
2
Let n(f) = 44714*f + 6170526. Determine n(-138).
-6
Let w(a) = 6*a**3 + 716*a**2 - 1953*a - 90. Calculate w(-122).
32
Let m(l) = 12825*l + 551466. Calculate m(-43).
-9
Let u(b) = -b**2 + 320*b - 15847. Calculate u(71).
1832
Let j(m) = 10*m**2 + 51760*m + 722695. Give j(-14).
15
Let y(c) = 3012*c - 301376. Give y(100).
-176
Let p(u) = -130977*u - 2488564. Calculate p(-19).
-1
Let j(q) = -18*q**2 + 292*q + 865. What is j(-3)?
-173
Let m(x) = -8032*x - 64003. Determine m(-8).
253
Let w(k) = 2*k**3